{"id":383,"date":"2019-11-18T20:34:39","date_gmt":"2019-11-18T19:34:39","guid":{"rendered":"http:\/\/marinesconseil.fr\/?page_id=383"},"modified":"2020-05-07T13:13:46","modified_gmt":"2020-05-07T11:13:46","slug":"redaction-doffre-technique-et-financiere","status":"publish","type":"page","link":"https:\/\/marinesconseil.fr\/?page_id=383","title":{"rendered":"Proposition commerciale"},"content":{"rendered":"<h5 style=\"text-align: justify;\"><img loading=\"lazy\" decoding=\"async\" class=\" wp-image-609 alignleft\" src=\"http:\/\/marinesconseil.fr\/wp-content\/uploads\/2020\/04\/proposition-commerciale-300x127.jpg\" alt=\"\" width=\"318\" height=\"135\" srcset=\"https:\/\/marinesconseil.fr\/wp-content\/uploads\/2020\/04\/proposition-commerciale-300x127.jpg 300w, https:\/\/marinesconseil.fr\/wp-content\/uploads\/2020\/04\/proposition-commerciale-600x254.jpg 600w, https:\/\/marinesconseil.fr\/wp-content\/uploads\/2020\/04\/proposition-commerciale.jpg 748w\" sizes=\"auto, (max-width: 318px) 100vw, 318px\" \/>Une proposition commerciale est un outil de d\u00e9cision, vous permettant de convaincre votre client et donc de r\u00e9aliser une vente.<\/h5>\n<h5 style=\"text-align: justify;\">La qualit\u00e9 de son contenu et sa pertinence sont un gage de professionnalisme.<\/h5>\n<h6><\/h6>\n<h6 style=\"text-align: justify;\"><em><strong>Marines Conseil<\/strong><\/em> propose de vous accompagner dans cette phase, en mettant \u00e0 votre disposition, son exp\u00e9rience et son expertise particuli\u00e8re des op\u00e9rations de plong\u00e9e sous-marine, de la lutte contre les mines (drones, sonars&#8230;) et contre les engins explosifs en environnement maritime.<\/h6>\n<h6><span style=\"color: #000000;\"><strong>Comprendre votre client<\/strong><\/span><\/h6>\n<p style=\"text-align: justify;\"><img loading=\"lazy\" decoding=\"async\" class=\"wp-image-1067 alignright\" src=\"http:\/\/marinesconseil.fr\/wp-content\/uploads\/2020\/04\/Mine-Warfare_18-300x180.jpg\" alt=\"\" width=\"261\" height=\"157\" srcset=\"https:\/\/marinesconseil.fr\/wp-content\/uploads\/2020\/04\/Mine-Warfare_18-300x180.jpg 300w, https:\/\/marinesconseil.fr\/wp-content\/uploads\/2020\/04\/Mine-Warfare_18.jpg 550w\" sizes=\"auto, (max-width: 261px) 100vw, 261px\" \/><\/p>\n<p style=\"text-align: justify;\">L&rsquo;analyse du cahier des charges doit permettre de r\u00e9pondre pr\u00e9cis\u00e9ment\u00a0 aux besoins du client et de mettre en place une strat\u00e9gie de pr\u00e9sentation de vos produits. En participant \u00e0 cette analyse, <strong><em>Marines Conseil<\/em><\/strong>\u00a0 apporte son exp\u00e9rience professionnelle et sa connaissance du milieu. Notre lecture permettra de comprendre en d\u00e9tail les attendus de votre client et ainsi de distinguer les atouts de vos produits, pour r\u00e9pondre \u00e0 cette offre.<\/p>\n<h6><\/h6>\n<h6 class=\"intertitre\" style=\"text-align: justify;\"><span style=\"color: #000000;\"><strong>Une proposition commerciale adapt\u00e9e, personnalis\u00e9e et synth\u00e9tique<\/strong><\/span><\/h6>\n<p style=\"text-align: justify;\"><img loading=\"lazy\" decoding=\"async\" class=\" wp-image-1071 alignleft\" src=\"http:\/\/marinesconseil.fr\/wp-content\/uploads\/2020\/04\/plongeur-demineur-1-200x300.jpg\" alt=\"\" width=\"149\" height=\"224\" srcset=\"https:\/\/marinesconseil.fr\/wp-content\/uploads\/2020\/04\/plongeur-demineur-1-200x300.jpg 200w, https:\/\/marinesconseil.fr\/wp-content\/uploads\/2020\/04\/plongeur-demineur-1.jpg 440w\" sizes=\"auto, (max-width: 149px) 100vw, 149px\" \/>R\u00e9diger une proposition commerciale claire et adapt\u00e9e aux besoins du client, selon des processus norm\u00e9s et des r\u00e8gles bien d\u00e9finis est une n\u00e9cessit\u00e9.<\/p>\n<p style=\"text-align: justify;\">A ce stade, <em><strong>Marines Conseil<\/strong><\/em> est en mesure de contribuer \u00e0 sa r\u00e9daction, avec un vocabulaire technique et professionnel conformes aux r\u00e9alit\u00e9s du monde maritime, en particulier pour les drones, les sonars, la plong\u00e9e, le d\u00e9minage &#8230;<\/p>\n<p style=\"text-align: justify;\">\u00c9galement, nous proposons d&rsquo;int\u00e9grer votre r\u00e9ponse, dans les concepts d&#8217;emploi op\u00e9rationnel les plus r\u00e9cents, pour la rendre encore plus coh\u00e9rente et pertinente.<\/p>\n<p style=\"text-align: justify;\">Ces solutions vous permettront de faire une proposition commerciale claire et synth\u00e9tique.<\/p>\n","protected":false},"excerpt":{"rendered":"<p>Une proposition commerciale est un outil de d\u00e9cision, vous permettant de convaincre votre client et donc de r\u00e9aliser une vente. La qualit\u00e9 de son contenu et sa pertinence sont un gage de professionnalisme. Marines Conseil propose de vous accompagner dans cette phase, en mettant \u00e0 votre disposition, son exp\u00e9rience et son expertise particuli\u00e8re des op\u00e9rations [&hellip;]<\/p>\n","protected":false},"author":1,"featured_media":0,"parent":0,"menu_order":0,"comment_status":"closed","ping_status":"closed","template":"","meta":{"footnotes":""},"class_list":["post-383","page","type-page","status-publish","hentry"],"_links":{"self":[{"href":"https:\/\/marinesconseil.fr\/index.php?rest_route=\/wp\/v2\/pages\/383","targetHints":{"allow":["GET"]}}],"collection":[{"href":"https:\/\/marinesconseil.fr\/index.php?rest_route=\/wp\/v2\/pages"}],"about":[{"href":"https:\/\/marinesconseil.fr\/index.php?rest_route=\/wp\/v2\/types\/page"}],"author":[{"embeddable":true,"href":"https:\/\/marinesconseil.fr\/index.php?rest_route=\/wp\/v2\/users\/1"}],"replies":[{"embeddable":true,"href":"https:\/\/marinesconseil.fr\/index.php?rest_route=%2Fwp%2Fv2%2Fcomments&post=383"}],"version-history":[{"count":39,"href":"https:\/\/marinesconseil.fr\/index.php?rest_route=\/wp\/v2\/pages\/383\/revisions"}],"predecessor-version":[{"id":1905,"href":"https:\/\/marinesconseil.fr\/index.php?rest_route=\/wp\/v2\/pages\/383\/revisions\/1905"}],"wp:attachment":[{"href":"https:\/\/marinesconseil.fr\/index.php?rest_route=%2Fwp%2Fv2%2Fmedia&parent=383"}],"curies":[{"name":"wp","href":"https:\/\/api.w.org\/{rel}","templated":true}]}}