{"id":371,"date":"2019-11-18T20:20:14","date_gmt":"2019-11-18T19:20:14","guid":{"rendered":"http:\/\/marinesconseil.fr\/?page_id=371"},"modified":"2020-05-09T18:15:50","modified_gmt":"2020-05-09T16:15:50","slug":"qui-sommes-nous","status":"publish","type":"page","link":"https:\/\/marinesconseil.fr\/?page_id=371","title":{"rendered":"Qui sommes nous?"},"content":{"rendered":"<h5><strong><em><img loading=\"lazy\" decoding=\"async\" class=\" wp-image-1179 alignleft\" src=\"http:\/\/marinesconseil.fr\/wp-content\/uploads\/2020\/04\/logo-ship-1.png\" alt=\"\" width=\"253\" height=\"164\" \/><\/em><\/strong><em><strong>Marines Conseil<\/strong> <\/em>est une entreprise fran\u00e7aise d\u2019expertise maritime et de conseil dans le domaine naval et subaquatique.<\/h5>\n<h6>Nos services s\u2019adressent autant aux plaisanciers qu&rsquo;aux professionnels de la mer, entreprises, professions juridiques, assurances, mutuelles ou collectivit\u00e9s\u2026<\/h6>\n<h6><em>Marines Conseil<\/em>, vous apporte\u00a0:<\/h6>\n<ul>\n<li>La rigueur et le professionnalisme d\u2019un <span style=\"color: #000000;\"><a style=\"color: #000000;\" href=\"http:\/\/marinesconseil.fr\/?page_id=368\">expert maritime\u00a0 dipl\u00f4m\u00e9 de l\u2019Universit\u00e9 du Havre &amp; \u00c9cole Nationale Sup\u00e9rieure Maritime (ENSM)<\/a><\/span><\/li>\n<li>30 ann\u00e9es d\u2019exp\u00e9rience op\u00e9rationnelle et technique comme officier de la Marine nationale, puis comme expert produit et chef de projet au sein d\u2019une entreprise de R&amp;D de l\u2019industrie navale<\/li>\n<li>L\u2019appui d\u2019un r\u00e9seau de sp\u00e9cialistes et de partenaires du monde maritime civil et de la d\u00e9fense.<\/li>\n<\/ul>\n<h6 style=\"text-align: justify;\"><strong>Expertise maritime\u00a0:<\/strong><\/h6>\n<ul>\n<li>Expertise avant achat\/vente;<img loading=\"lazy\" decoding=\"async\" class=\"alignright wp-image-1183\" src=\"http:\/\/marinesconseil.fr\/wp-content\/uploads\/2020\/04\/jet-ski-300x189.jpg\" alt=\"\" width=\"231\" height=\"145\" \/><img loading=\"lazy\" decoding=\"async\" class=\"alignright wp-image-1148\" src=\"http:\/\/marinesconseil.fr\/wp-content\/uploads\/2020\/04\/chalutier.png\" alt=\"\" width=\"203\" height=\"147\" \/><img loading=\"lazy\" decoding=\"async\" class=\" wp-image-1292 alignright\" src=\"http:\/\/marinesconseil.fr\/wp-content\/uploads\/2020\/04\/dinghy-1-199x300.jpg\" alt=\"\" width=\"98\" height=\"148\" srcset=\"https:\/\/marinesconseil.fr\/wp-content\/uploads\/2020\/04\/dinghy-1-199x300.jpg 199w, https:\/\/marinesconseil.fr\/wp-content\/uploads\/2020\/04\/dinghy-1.jpg 478w\" sizes=\"auto, (max-width: 98px) 100vw, 98px\" \/><img loading=\"lazy\" decoding=\"async\" class=\"alignright wp-image-586\" src=\"http:\/\/marinesconseil.fr\/wp-content\/uploads\/2020\/04\/lake-2814918_960_720-300x169.jpg\" alt=\"\" width=\"262\" height=\"147\" srcset=\"https:\/\/marinesconseil.fr\/wp-content\/uploads\/2020\/04\/lake-2814918_960_720-300x169.jpg 300w, https:\/\/marinesconseil.fr\/wp-content\/uploads\/2020\/04\/lake-2814918_960_720-768x432.jpg 768w, https:\/\/marinesconseil.fr\/wp-content\/uploads\/2020\/04\/lake-2814918_960_720-600x338.jpg 600w, https:\/\/marinesconseil.fr\/wp-content\/uploads\/2020\/04\/lake-2814918_960_720.jpg 960w\" sizes=\"auto, (max-width: 262px) 100vw, 262px\" \/><\/li>\n<li>Expertise pr\u00e9-assurance\u00a0;<\/li>\n<li>Expertise apr\u00e8s sinistre\u00a0;<\/li>\n<li>Expertise amiable contradictoire\u00a0;<\/li>\n<li>Expertise de partie (unilat\u00e9rale).<\/li>\n<\/ul>\n<h6 style=\"text-align: justify;\"><strong>Conseil naval :<\/strong><\/h6>\n<p style=\"text-align: justify;\"><img loading=\"lazy\" decoding=\"async\" class=\"alignright wp-image-1143\" src=\"http:\/\/marinesconseil.fr\/wp-content\/uploads\/2020\/04\/cargo-ship-1646752-300x195.jpg\" alt=\"\" width=\"235\" height=\"153\" srcset=\"https:\/\/marinesconseil.fr\/wp-content\/uploads\/2020\/04\/cargo-ship-1646752-300x195.jpg 300w, https:\/\/marinesconseil.fr\/wp-content\/uploads\/2020\/04\/cargo-ship-1646752-1024x666.jpg 1024w, https:\/\/marinesconseil.fr\/wp-content\/uploads\/2020\/04\/cargo-ship-1646752-768x499.jpg 768w, https:\/\/marinesconseil.fr\/wp-content\/uploads\/2020\/04\/cargo-ship-1646752-1536x998.jpg 1536w, https:\/\/marinesconseil.fr\/wp-content\/uploads\/2020\/04\/cargo-ship-1646752-2048x1331.jpg 2048w, https:\/\/marinesconseil.fr\/wp-content\/uploads\/2020\/04\/cargo-ship-1646752-600x390.jpg 600w\" sizes=\"auto, (max-width: 235px) 100vw, 235px\" \/><\/p>\n<ul>\n<li style=\"text-align: justify;\">Conseil aux entreprises\u00a0: marketing, proposition commerciale, suivi de projets techniques et industriels, pilotage de la documentation technique, ing\u00e9nierie de formation maritime\u2026<\/li>\n<li style=\"text-align: justify;\">Assistance : op\u00e9rations de sauvetage, de remorquage, renflouement ou enl\u00e8vement d\u2019\u00e9pave;<\/li>\n<li style=\"text-align: justify;\">Surveillance de chargement et d\u00e9chargement de navires;<\/li>\n<li style=\"text-align: justify;\">Suivi de chantier de construction ou d\u2019entretien technique, maritime et fluvial ;<\/li>\n<li style=\"text-align: justify;\">Transport sur barge (\u00ab\u00a0toilette de mer\u00a0\u00bb), \u00a0convoyage routier de navire\u00a0;<\/li>\n<li style=\"text-align: justify;\">Protection de l\u2019environnement\u00a0: lutte antipollution, mise en \u0153uvre de rideaux de bulles, impact d\u2019explosion sous marine\u00a0;<\/li>\n<li style=\"text-align: justify;\">S\u00fbret\u00e9 maritime : organisation, sensibilisation, montage d\u2019exercice \u00e0 bord ou portuaire\u2026<\/li>\n<\/ul>\n<h6><em>\u2026et des r\u00e9ponses \u00e0 toutes autres sollicitations qui seront \u00e9tudi\u00e9es avec attention.<\/em><\/h6>\n","protected":false},"excerpt":{"rendered":"<p>Marines Conseil est une entreprise fran\u00e7aise d\u2019expertise maritime et de conseil dans le domaine naval et subaquatique. Nos services s\u2019adressent autant aux plaisanciers qu&rsquo;aux professionnels de la mer, entreprises, professions juridiques, assurances, mutuelles ou collectivit\u00e9s\u2026 Marines Conseil, vous apporte\u00a0: La rigueur et le professionnalisme d\u2019un expert maritime\u00a0 dipl\u00f4m\u00e9 de l\u2019Universit\u00e9 du Havre &amp; \u00c9cole Nationale [&hellip;]<\/p>\n","protected":false},"author":1,"featured_media":0,"parent":0,"menu_order":0,"comment_status":"closed","ping_status":"closed","template":"","meta":{"footnotes":""},"class_list":["post-371","page","type-page","status-publish","hentry"],"_links":{"self":[{"href":"https:\/\/marinesconseil.fr\/index.php?rest_route=\/wp\/v2\/pages\/371","targetHints":{"allow":["GET"]}}],"collection":[{"href":"https:\/\/marinesconseil.fr\/index.php?rest_route=\/wp\/v2\/pages"}],"about":[{"href":"https:\/\/marinesconseil.fr\/index.php?rest_route=\/wp\/v2\/types\/page"}],"author":[{"embeddable":true,"href":"https:\/\/marinesconseil.fr\/index.php?rest_route=\/wp\/v2\/users\/1"}],"replies":[{"embeddable":true,"href":"https:\/\/marinesconseil.fr\/index.php?rest_route=%2Fwp%2Fv2%2Fcomments&post=371"}],"version-history":[{"count":29,"href":"https:\/\/marinesconseil.fr\/index.php?rest_route=\/wp\/v2\/pages\/371\/revisions"}],"predecessor-version":[{"id":1958,"href":"https:\/\/marinesconseil.fr\/index.php?rest_route=\/wp\/v2\/pages\/371\/revisions\/1958"}],"wp:attachment":[{"href":"https:\/\/marinesconseil.fr\/index.php?rest_route=%2Fwp%2Fv2%2Fmedia&parent=371"}],"curies":[{"name":"wp","href":"https:\/\/api.w.org\/{rel}","templated":true}]}}