{"id":370,"date":"2019-11-18T20:20:14","date_gmt":"2019-11-18T19:20:14","guid":{"rendered":"http:\/\/marinesconseil.fr\/?page_id=370"},"modified":"2020-05-01T17:18:19","modified_gmt":"2020-05-01T15:18:19","slug":"la-deontologie-de-lexpert","status":"publish","type":"page","link":"https:\/\/marinesconseil.fr\/?page_id=370","title":{"rendered":"La  d\u00e9ontologie de l&rsquo;expert maritime"},"content":{"rendered":"<p><img loading=\"lazy\" decoding=\"async\" class=\" wp-image-815 alignleft\" src=\"http:\/\/marinesconseil.fr\/wp-content\/uploads\/2020\/04\/d\u00e9ontologie.jpeg\" alt=\"\" width=\"151\" height=\"150\" srcset=\"https:\/\/marinesconseil.fr\/wp-content\/uploads\/2020\/04\/d\u00e9ontologie.jpeg 225w, https:\/\/marinesconseil.fr\/wp-content\/uploads\/2020\/04\/d\u00e9ontologie-150x150.jpeg 150w\" sizes=\"auto, (max-width: 151px) 100vw, 151px\" \/><\/p>\n<h5>L&rsquo;ind\u00e9pendance, la transparence, l\u2019honn\u00eatet\u00e9 et l&rsquo;humilit\u00e9 doivent \u00eatre les principales qualit\u00e9s d&rsquo;un expert, aussi <span style=\"color: #000000;\">je m&rsquo;engage \u00e0 :<\/span><\/h5>\n<p><img loading=\"lazy\" decoding=\"async\" class=\"wp-image-807 aligncenter\" src=\"http:\/\/marinesconseil.fr\/wp-content\/uploads\/2020\/04\/image-blanche-300x184.png\" alt=\"\" width=\"57\" height=\"35\" srcset=\"https:\/\/marinesconseil.fr\/wp-content\/uploads\/2020\/04\/image-blanche-300x184.png 300w, https:\/\/marinesconseil.fr\/wp-content\/uploads\/2020\/04\/image-blanche.png 315w\" sizes=\"auto, (max-width: 57px) 100vw, 57px\" \/><\/p>\n<ol>\n<li style=\"list-style-type: none;\">\n<ul>\n<li style=\"text-align: justify;\"><strong>R\u00e9aliser les missions qui me sont confi\u00e9es en toute ind\u00e9pendance et impartialit\u00e9;<img loading=\"lazy\" decoding=\"async\" class=\"wp-image-807 aligncenter\" src=\"http:\/\/marinesconseil.fr\/wp-content\/uploads\/2020\/04\/image-blanche-300x184.png\" alt=\"\" width=\"30\" height=\"18\" srcset=\"https:\/\/marinesconseil.fr\/wp-content\/uploads\/2020\/04\/image-blanche-300x184.png 300w, https:\/\/marinesconseil.fr\/wp-content\/uploads\/2020\/04\/image-blanche.png 315w\" sizes=\"auto, (max-width: 30px) 100vw, 30px\" \/><\/strong><\/li>\n<li style=\"text-align: justify;\"><strong>N&rsquo;accepter seulement les missions pour lesquelles je poss\u00e8de les comp\u00e9tences requises. Concernant l&rsquo;expertise de points tr\u00e8s sp\u00e9cifiques, je vous proposerai de faire appel \u00e0 la comp\u00e9tence d&rsquo;un sp\u00e9cialiste qualifi\u00e9, nomm\u00e9 \u00ab\u00a0sapiteur\u00a0\u00bb;<img loading=\"lazy\" decoding=\"async\" class=\"wp-image-807 aligncenter\" src=\"http:\/\/marinesconseil.fr\/wp-content\/uploads\/2020\/04\/image-blanche-300x184.png\" alt=\"\" width=\"30\" height=\"18\" srcset=\"https:\/\/marinesconseil.fr\/wp-content\/uploads\/2020\/04\/image-blanche-300x184.png 300w, https:\/\/marinesconseil.fr\/wp-content\/uploads\/2020\/04\/image-blanche.png 315w\" sizes=\"auto, (max-width: 30px) 100vw, 30px\" \/><\/strong><\/li>\n<li style=\"text-align: justify;\"><strong>Effectuer les missions personnellement;<img loading=\"lazy\" decoding=\"async\" class=\"wp-image-807 aligncenter\" src=\"http:\/\/marinesconseil.fr\/wp-content\/uploads\/2020\/04\/image-blanche-300x184.png\" alt=\"\" width=\"30\" height=\"18\" srcset=\"https:\/\/marinesconseil.fr\/wp-content\/uploads\/2020\/04\/image-blanche-300x184.png 300w, https:\/\/marinesconseil.fr\/wp-content\/uploads\/2020\/04\/image-blanche.png 315w\" sizes=\"auto, (max-width: 30px) 100vw, 30px\" \/><\/strong><\/li>\n<li style=\"text-align: justify;\"><strong>Remettre un rapport d&rsquo;expertise complet et d\u00e9taill\u00e9,\u00a0 dans le respect les d\u00e9lais convenus ensemble;<img loading=\"lazy\" decoding=\"async\" class=\"wp-image-807 aligncenter\" src=\"http:\/\/marinesconseil.fr\/wp-content\/uploads\/2020\/04\/image-blanche-300x184.png\" alt=\"\" width=\"30\" height=\"18\" srcset=\"https:\/\/marinesconseil.fr\/wp-content\/uploads\/2020\/04\/image-blanche-300x184.png 300w, https:\/\/marinesconseil.fr\/wp-content\/uploads\/2020\/04\/image-blanche.png 315w\" sizes=\"auto, (max-width: 30px) 100vw, 30px\" \/><\/strong><\/li>\n<li style=\"text-align: justify;\"><strong>Entretenir et d\u00e9velopper r\u00e9guli\u00e8rement mes connaissances techniques et r\u00e9glementaires;<img loading=\"lazy\" decoding=\"async\" class=\"wp-image-807 aligncenter\" src=\"http:\/\/marinesconseil.fr\/wp-content\/uploads\/2020\/04\/image-blanche-300x184.png\" alt=\"\" width=\"30\" height=\"18\" srcset=\"https:\/\/marinesconseil.fr\/wp-content\/uploads\/2020\/04\/image-blanche-300x184.png 300w, https:\/\/marinesconseil.fr\/wp-content\/uploads\/2020\/04\/image-blanche.png 315w\" sizes=\"auto, (max-width: 30px) 100vw, 30px\" \/><\/strong><\/li>\n<li style=\"text-align: justify;\"><strong>R\u00e9pondre \u00e0 toutes les r\u00e9clamations exprim\u00e9es et mettre en place des actions correctives;<img loading=\"lazy\" decoding=\"async\" class=\"wp-image-807 aligncenter\" src=\"http:\/\/marinesconseil.fr\/wp-content\/uploads\/2020\/04\/image-blanche-300x184.png\" alt=\"\" width=\"30\" height=\"18\" srcset=\"https:\/\/marinesconseil.fr\/wp-content\/uploads\/2020\/04\/image-blanche-300x184.png 300w, https:\/\/marinesconseil.fr\/wp-content\/uploads\/2020\/04\/image-blanche.png 315w\" sizes=\"auto, (max-width: 30px) 100vw, 30px\" \/><\/strong><\/li>\n<li style=\"text-align: justify;\"><strong>Ne pas mener d&rsquo;autres activit\u00e9s commerciales dans le domaine de la plaisance, incompatibles de fait, avec l&rsquo;exercice de l&rsquo;expertise maritime et fluviale en navires et bateaux de plaisance.<\/strong><\/li>\n<\/ul>\n<\/li>\n<\/ol>\n","protected":false},"excerpt":{"rendered":"<p>L&rsquo;ind\u00e9pendance, la transparence, l\u2019honn\u00eatet\u00e9 et l&rsquo;humilit\u00e9 doivent \u00eatre les principales qualit\u00e9s d&rsquo;un expert, aussi je m&rsquo;engage \u00e0 : R\u00e9aliser les missions qui me sont confi\u00e9es en toute ind\u00e9pendance et impartialit\u00e9; N&rsquo;accepter seulement les missions pour lesquelles je poss\u00e8de les comp\u00e9tences requises. Concernant l&rsquo;expertise de points tr\u00e8s sp\u00e9cifiques, je vous proposerai de faire appel \u00e0 la [&hellip;]<\/p>\n","protected":false},"author":1,"featured_media":0,"parent":0,"menu_order":0,"comment_status":"closed","ping_status":"closed","template":"","meta":{"footnotes":""},"class_list":["post-370","page","type-page","status-publish","hentry"],"_links":{"self":[{"href":"https:\/\/marinesconseil.fr\/index.php?rest_route=\/wp\/v2\/pages\/370","targetHints":{"allow":["GET"]}}],"collection":[{"href":"https:\/\/marinesconseil.fr\/index.php?rest_route=\/wp\/v2\/pages"}],"about":[{"href":"https:\/\/marinesconseil.fr\/index.php?rest_route=\/wp\/v2\/types\/page"}],"author":[{"embeddable":true,"href":"https:\/\/marinesconseil.fr\/index.php?rest_route=\/wp\/v2\/users\/1"}],"replies":[{"embeddable":true,"href":"https:\/\/marinesconseil.fr\/index.php?rest_route=%2Fwp%2Fv2%2Fcomments&post=370"}],"version-history":[{"count":27,"href":"https:\/\/marinesconseil.fr\/index.php?rest_route=\/wp\/v2\/pages\/370\/revisions"}],"predecessor-version":[{"id":1633,"href":"https:\/\/marinesconseil.fr\/index.php?rest_route=\/wp\/v2\/pages\/370\/revisions\/1633"}],"wp:attachment":[{"href":"https:\/\/marinesconseil.fr\/index.php?rest_route=%2Fwp%2Fv2%2Fmedia&parent=370"}],"curies":[{"name":"wp","href":"https:\/\/api.w.org\/{rel}","templated":true}]}}